{"id":5,"date":"2020-12-23T14:46:00","date_gmt":"2020-12-23T17:46:00","guid":{"rendered":"http:\/\/fogofilmes.com\/?page_id=5"},"modified":"2025-08-10T13:46:01","modified_gmt":"2025-08-10T16:46:01","slug":"budapest_v4_final2","status":"publish","type":"page","link":"https:\/\/fogofilmes.com\/index.php\/budapest_v4_final2\/","title":{"rendered":"Budapest_v4_FINAL2"},"content":{"rendered":"\t\t<div data-elementor-type=\"wp-post\" data-elementor-id=\"5\" class=\"elementor elementor-5\" data-elementor-settings=\"[]\">\n\t\t\t\t\t\t<div class=\"elementor-inner\">\n\t\t\t\t\t\t\t<div class=\"elementor-section-wrap\">\n\t\t\t\t\t\t\t<section class=\"elementor-section elementor-top-section elementor-element elementor-element-c65cac3 elementor-section-boxed elementor-section-height-default elementor-section-height-default\" data-id=\"c65cac3\" data-element_type=\"section\">\n\t\t\t\t\t\t<div class=\"elementor-container elementor-column-gap-default\">\n\t\t\t\t\t\t\t<div class=\"elementor-row\">\n\t\t\t\t\t<div class=\"elementor-column elementor-col-100 elementor-top-column elementor-element elementor-element-30594b4\" data-id=\"30594b4\" data-element_type=\"column\">\n\t\t\t<div class=\"elementor-column-wrap elementor-element-populated\">\n\t\t\t\t\t\t\t<div class=\"elementor-widget-wrap\">\n\t\t\t\t\t\t<div class=\"elementor-element elementor-element-74c6f15 elementor-aspect-ratio-169 elementor-widget elementor-widget-video\" data-id=\"74c6f15\" data-element_type=\"widget\" data-settings=\"{&quot;aspect_ratio&quot;:&quot;169&quot;}\" data-widget_type=\"video.default\">\n\t\t\t\t<div class=\"elementor-widget-container\">\n\t\t\t\t\t<div class=\"elementor-wrapper elementor-fit-aspect-ratio elementor-open-inline\">\n\t\t\t<iframe class=\"elementor-video-iframe\" allowfullscreen title=\"vimeo Video Player\" src=\"https:\/\/player.vimeo.com\/video\/310977603?color&amp;autopause=0&amp;loop=0&amp;muted=0&amp;title=1&amp;portrait=1&amp;byline=1#t=\"><\/iframe>\t\t<\/div>\n\t\t\t\t<\/div>\n\t\t\t\t<\/div>\n\t\t\t\t\t\t<\/div>\n\t\t\t\t\t<\/div>\n\t\t<\/div>\n\t\t\t\t\t\t\t\t<\/div>\n\t\t\t\t\t<\/div>\n\t\t<\/section>\n\t\t\t\t<section class=\"elementor-section elementor-top-section elementor-element elementor-element-acfd406 elementor-section-boxed elementor-section-height-default elementor-section-height-default\" data-id=\"acfd406\" data-element_type=\"section\">\n\t\t\t\t\t\t<div class=\"elementor-container elementor-column-gap-default\">\n\t\t\t\t\t\t\t<div class=\"elementor-row\">\n\t\t\t\t\t<div class=\"elementor-column elementor-col-100 elementor-top-column elementor-element elementor-element-624765d\" data-id=\"624765d\" data-element_type=\"column\">\n\t\t\t<div class=\"elementor-column-wrap elementor-element-populated\">\n\t\t\t\t\t\t\t<div class=\"elementor-widget-wrap\">\n\t\t\t\t\t\t<section class=\"elementor-section elementor-inner-section elementor-element elementor-element-eb00246 elementor-section-boxed elementor-section-height-default elementor-section-height-default\" data-id=\"eb00246\" data-element_type=\"section\">\n\t\t\t\t\t\t<div class=\"elementor-container elementor-column-gap-default\">\n\t\t\t\t\t\t\t<div class=\"elementor-row\">\n\t\t\t\t\t<div class=\"elementor-column elementor-col-50 elementor-inner-column elementor-element elementor-element-ba7aa0c\" data-id=\"ba7aa0c\" data-element_type=\"column\">\n\t\t\t<div class=\"elementor-column-wrap elementor-element-populated\">\n\t\t\t\t\t\t\t<div class=\"elementor-widget-wrap\">\n\t\t\t\t\t\t<div class=\"elementor-element elementor-element-6d35cbb elementor-widget elementor-widget-text-editor\" data-id=\"6d35cbb\" data-element_type=\"widget\" data-widget_type=\"text-editor.default\">\n\t\t\t\t<div class=\"elementor-widget-container\">\n\t\t\t\t\t<div class=\"elementor-text-editor elementor-clearfix\"><p><strong>SINOPSE<\/strong><br \/>Uma cat\u00e1strofe amorosa metalingu\u00edstica. Ou algo do g\u00eanero.<\/p><p><strong>FESTIVAIS<\/strong><br \/>42\u00ba Festival Guarnic\u00ea de Cinema &#8211; National Main Competition (2019)<br \/>17\u00ba Bogoshorts &#8211; Collections Competition (2019)<br \/>47\u00ba Festival de Cinema de Gramado &#8211; Mostra Gaucha (2019)<br \/>29\u00ba Festival Curta Cinema Rio de Janeiro International Short Film Festival &#8211; In Transit Selection (2019)<br \/>19\u00ba Festival Internacional de Escuelas de Cine (Uruguay) &#8211; Official Selection (2019)<br \/>2\u00ba Festival Santa Cruz de Cinema &#8211; Official Selection (2019)<br \/>Festival Cine MIS &#8211; Museu da Imagem e Som &#8211; Sele\u00e7\u00e3o Oficial (2019)<br \/>Film Fest Zell (Austria) &#8211; Cinecitta Selecion (2019)<br \/>5\u00ba Festival de Cinema de Tr\u00eas Passos &#8211; Offical Selection (2019)<\/p><p><strong>EQUIPE<\/strong><br \/>Produtora: Fogo Filmes<br \/>Roteiro, dire\u00e7\u00e3o, montagem: Gabriel Motta<br \/>Produ\u00e7\u00e3o Executiva: Gabriel Motta<br \/>Dire\u00e7\u00e3o de Produ\u00e7\u00e3o: Gabriel Motta<br \/>Dire\u00e7\u00e3o de Fotografia: Gabriel Motta, Mhammad Nabeel<br \/>Desenho de Som: Gabriel Motta, Gustavo Foppa<br \/>Trilha Sonora: Felipe \u201cFappo\u201d Apol\u00f4nio, Jonts Ferreira<br \/>Finaliza\u00e7\u00e3o: Gabriel Motta<br \/>Mixagem: Gustavo Foppa<\/p><\/div>\n\t\t\t\t<\/div>\n\t\t\t\t<\/div>\n\t\t\t\t\t\t<\/div>\n\t\t\t\t\t<\/div>\n\t\t<\/div>\n\t\t\t\t<div class=\"elementor-column elementor-col-50 elementor-inner-column elementor-element elementor-element-1ab833d\" data-id=\"1ab833d\" data-element_type=\"column\">\n\t\t\t<div class=\"elementor-column-wrap elementor-element-populated\">\n\t\t\t\t\t\t\t<div class=\"elementor-widget-wrap\">\n\t\t\t\t\t\t<div class=\"elementor-element elementor-element-c28d43e elementor-widget elementor-widget-text-editor\" data-id=\"c28d43e\" data-element_type=\"widget\" data-widget_type=\"text-editor.default\">\n\t\t\t\t<div class=\"elementor-widget-container\">\n\t\t\t\t\t<div class=\"elementor-text-editor elementor-clearfix\"><p><strong>SYNOPSIS<\/strong><br \/>A metalinguistic love catastrophe. Or something like that.<\/p><p><strong>FESTIVALS<\/strong><br \/>42\u00ba Festival Guarnic\u00ea de Cinema &#8211; National Main Competition (2019)<br \/>17\u00ba Bogoshorts &#8211; Collections Competition (2019)<br \/>47\u00ba Festival de Cinema de Gramado &#8211; Mostra Gaucha (2019)<br \/>29\u00ba Festival Curta Cinema Rio de Janeiro International Short Film Festival &#8211; In Transit Selection (2019)<br \/>19\u00ba Festival Internacional de Escuelas de Cine (Uruguay) &#8211; Official Selection (2019)<br \/>2\u00ba Festival Santa Cruz de Cinema &#8211; Official Selection (2019)<br \/>Festival Cine MIS &#8211; Museu da Imagem e Som &#8211; Sele\u00e7\u00e3o Oficial (2019)<br \/>Film Fest Zell (Austria) &#8211; Cinecitta Selecion (2019)<br \/>5\u00ba Festival de Cinema de Tr\u00eas Passos &#8211; Offical Selection (2019)<\/p><p><strong>CREW<br \/><\/strong>Production Company: Fogo Filmes<br \/>Script, Director and Editor: Gabriel Motta<br \/>Producer: Gabriel Motta<br \/>Cinematographer: Gabriel Motta, Mhammad Nabeel<br \/>Sound Design: Gabriel Motta, Gustavo Foppa<br \/>Original Music: Felipe \u201cFappo\u201d Apol\u00f4nio, Jonts Ferreira<br \/>Color Grading: Gabriel Motta<br \/>Mix: Gustavo Foppa<strong><br \/><\/strong><\/p><\/div>\n\t\t\t\t<\/div>\n\t\t\t\t<\/div>\n\t\t\t\t\t\t<\/div>\n\t\t\t\t\t<\/div>\n\t\t<\/div>\n\t\t\t\t\t\t\t\t<\/div>\n\t\t\t\t\t<\/div>\n\t\t<\/section>\n\t\t\t\t\t\t<\/div>\n\t\t\t\t\t<\/div>\n\t\t<\/div>\n\t\t\t\t\t\t\t\t<\/div>\n\t\t\t\t\t<\/div>\n\t\t<\/section>\n\t\t\t\t\t\t<\/div>\n\t\t\t\t\t\t<\/div>\n\t\t\t\t\t<\/div>\n\t\t","protected":false},"excerpt":{"rendered":"<p>https:\/\/vimeo.com\/310977603 SINOPSEUma cat\u00e1strofe amorosa metalingu\u00edstica. Ou algo do g\u00eanero. FESTIVAIS42\u00ba Festival Guarnic\u00ea de Cinema &#8211; National Main Competition (2019)17\u00ba Bogoshorts &#8211; Collections Competition (2019)47\u00ba Festival de Cinema de Gramado &#8211;<\/p>\n<p class=\"more-link\"><a href=\"https:\/\/fogofilmes.com\/index.php\/budapest_v4_final2\/\" class=\"readmore\">Read More<svg class=\"icon icon-angle-right\" aria-hidden=\"true\" role=\"img\"> <use href=\"#icon-angle-right\" xlink:href=\"#icon-angle-right\"><\/use> <\/svg><span class=\"screen-reader-text\">Budapest_v4_FINAL2<\/span><\/a><\/p>\n","protected":false},"author":1,"featured_media":0,"parent":0,"menu_order":0,"comment_status":"closed","ping_status":"closed","template":"","meta":[],"_links":{"self":[{"href":"https:\/\/fogofilmes.com\/index.php\/wp-json\/wp\/v2\/pages\/5"}],"collection":[{"href":"https:\/\/fogofilmes.com\/index.php\/wp-json\/wp\/v2\/pages"}],"about":[{"href":"https:\/\/fogofilmes.com\/index.php\/wp-json\/wp\/v2\/types\/page"}],"author":[{"embeddable":true,"href":"https:\/\/fogofilmes.com\/index.php\/wp-json\/wp\/v2\/users\/1"}],"replies":[{"embeddable":true,"href":"https:\/\/fogofilmes.com\/index.php\/wp-json\/wp\/v2\/comments?post=5"}],"version-history":[{"count":5,"href":"https:\/\/fogofilmes.com\/index.php\/wp-json\/wp\/v2\/pages\/5\/revisions"}],"predecessor-version":[{"id":325,"href":"https:\/\/fogofilmes.com\/index.php\/wp-json\/wp\/v2\/pages\/5\/revisions\/325"}],"wp:attachment":[{"href":"https:\/\/fogofilmes.com\/index.php\/wp-json\/wp\/v2\/media?parent=5"}],"curies":[{"name":"wp","href":"https:\/\/api.w.org\/{rel}","templated":true}]}}